divided by 9911?
6784
What is the remainder when 49012420 is divided by 586?
552
What is the remainder when 18736255 is divided by 704?
703
What is the remainder when 1003021 is divided by 334333?
22
Calculate the remainder when 1054087 is divided by 13710.
12127
Calculate the remainder when 795402 is divided by 4349.
3884
Calculate the remainder when 41693943 is divided by 37260.
3
What is the remainder when 54469 is divided by 306?
1
Calculate the remainder when 47064577 is divided by 287.
21
What is the remainder when 4525712 is divided by 11230?
22
Calculate the remainder when 6164808 is divided by 2054825.
333
Calculate the remainder when 17669320 is divided by 6995.
6945
Calculate the remainder when 2183 is divided by 608.
359
What is the remainder when 223015 is divided by 44599?
20
Calculate the remainder when 546749 is divided by 54611.
639
Calculate the remainder when 53016404 is divided by 139.
136
What is the remainder when 19674 is divided by 2850?
2574
Calculate the remainder when 218798 is divided by 3529.
0
What is the remainder when 64737 is divided by 2312?
1
Calculate the remainder when 64564 is divided by 1076.
4
Calculate the remainder when 2004669 is divided by 56.
37
Calculate the remainder when 4159406 is divided by 41.
38
What is the remainder when 7972929 is divided by 120?
9
What is the remainder when 70810 is divided by 10115?
5
Calculate the remainder when 92758 is divided by 5448.
142
What is the remainder when 1516967 is divided by 6927?
6881
Calculate the remainder when 703352 is divided by 351658.
36
Calculate the remainder when 528542 is divided by 105707.
7
What is the remainder when 559998 is divided by 233?
99
Calculate the remainder when 6288819 is divided by 898398.
33
What is the remainder when 3038224 is divided by 272?
256
Calculate the remainder when 7182395 is divided by 1026055.
10
What is the remainder when 937348176 is divided by 179?
177
Calculate the remainder when 7689122 is divided by 6.
2
Calculate the remainder when 1021105 is divided by 56725.
55
Calculate the remainder when 8361132 is divided by 7963.
7945
Calculate the remainder when 15826814 is divided by 100.
14
Calculate the remainder when 3467027 is divided by 70.
67
What is the remainder when 25438372 is divided by 162?
160
What is the remainder when 154399 is divided by 9060?
379
Calculate the remainder when 3198 is divided by 1229.
740
Calculate the remainder when 226929237 is divided by 180.
177
What is the remainder when 22790 is divided by 4336?
1110
Calculate the remainder when 820638 is divided by 164098.
148
What is the remainder when 152656 is divided by 5708?
4248
What is the remainder when 141003 is divided by 731?
651
Calculate the remainder when 502912 is divided by 895.
817
Calculate the remainder when 208939 is divided by 69335.
934
What is the remainder when 11297368 is divided by 46?
44
Calculate the remainder when 6054459 is divided by 864911.
82
Calculate the remainder when 364661 is divided by 14886.
7397
What is the remainder when 34612 is divided by 2454?
256
What is the remainder when 44512 is divided by 1453?
922
What is the remainder when 87639 is divided by 667?
262
Calculate the remainder when 229371442 is divided by 1422.
1420
What is the remainder when 34272824 is divided by 106?
56
Calculate the remainder when 4117772 is divided by 9803.
512
What is the remainder when 17406889 is divided by 8703444?
1
Calculate the remainder when 2533133 is divided by 965.
8
What is the remainder when 24697459 is divided by 24697440?
19
What is the remainder when 21923 is divided by 10957?
9
Calculate the remainder when 86268295 is divided by 948003.
22
What is the remainder when 208880381 is divided by 256?
253
What is the remainder when 356870 is divided by 250?
120
Calculate the remainder when 9505440 is divided by 5549.
3
Calculate the remainder when 59016 is divided by 5363.
23
What is the remainder when 12132684 is divided by 12132676?
8
Calculate the remainder when 2546732 is divided by 207.
11
What is the remainder when 179696 is divided by 11230?
16
What is the remainder when 150175177 is divided by 10697?
10691
What is the remainder when 5993724 is divided by 642?
12
What is the remainder when 5621308 is divided by 8453?
63
Calculate the remainder when 3498054 is divided by 68.
66
Calculate the remainder when 4525235 is divided by 172.
87
Calculate the remainder when 43567126 is divided by 132.
130
Calculate the remainder when 14444449 is divided by 44.
41
What is the remainder when 4671452 is divided by 10381?
2
Calculate the remainder when 964880 is divided by 241216.
16
Calculate the remainder when 81981 is divided by 47.
13
What is the remainder when 7033 is divided by 1942?
1207
What is the remainder when 34320 is divided by 34115?
205
What is the remainder when 2527247 is divided by 1263?
1247
What is the remainder when 9773776 is divided by 4886705?
366
Calculate the remainder when 839598781 is divided by 2656.
2653
What is the remainder when 24597113 is divided by 240?
233
What is the remainder when 209653223 is divided by 2195?
2188
What is the remainder when 1307235 is divided by 108753?
2199
Calculate the remainder when 111732 is divided by 89.
37
What is the remainder when 2337836 is divided by 779157?
365
What is the remainder when 350328 is divided by 70064?
8
What is the remainder when 173345415 is divided by 105634?
21
Calculate the remainder when 56243047 is divided by 1330.
7
What is the remainder when 57303 is divided by 25356?
6591
What is the remainder when 8805640 is divided by 1166?
8
Calculate the remainder when 507241 is divided by 105.
91
What is the remainder when 268814 is divided by 26862?
194
What is the remainder when 5316 is divided by 1071?
1032
Calculate the remainder when 11654937 is divided by 971242.
33
What is the remainder when 3797874 is divided by 759571?
19
What is the remainder when 451226 is divided by 112?
90
Calculate the remainder when 23665 is divided by 7783.
316
Calculate the remainder when 237036 is divided by 116190.
4656
Calculate the remainder when 3034049 is divided by 1.
0
Calculate the remainder when 1872993 is divided by 15.
3
Calculate the remainder when 442676 is divided by 11345.
221
What is the remainder when 87547 is divided by 590?
227
Calculate the remainder when 17032352 is divided by 2916.
2912
Calculate the remainder when 236937079 is divided by 36.
19
Calculate the remainder when 1289624 is divided by 31442.
502
What is the remainder when 203498 is divided by 1931?
743
What is the remainder when 951921 is divided by 356?
333
Calculate the remainder when 44905010 is divided by 355.
350
What is the remainder when 2187026 is divided by 1461?
1370
Calculate the remainder when 369827484 is divided by 282.
276
Calculate the remainder when 38787997 is divided by 17567.
61
Calculate the remainder when 84757 is divided by 5349.
4522
What is the remainder when 12471818 is divided by 448?
394
Calculate the remainder when 11490 is divided by 1257.
177
What is the remainder when 1065188669 is divided by 25?
19
Calculate the remainder when 57395 is divided by 700.
695
Calculate the remainder when 2466674 is divided by 2205.
1484
Calculate the remainder when 1066201 is divided by 266317.
933
What is the remainder when 842996 is divided by 314?
220
What is the remainder when 28692 is divided by 318?
72
What is the remainder when 17067 is divided by 17064?
3
What is the remainder when 3597218 is divided by 3597208?
10
What is the remainder when 25257159 is divided by 1?
0
What is the remainder when 1054291 is divided by 3870?
1651
What is the remainder when 22172147 is divided by 886?
883
What is the remainder when 1528384 is divided by 4066?
3634
What is the remainder when 245069 is divided by 47?
11
Calculate the remainder when 636208 is divided by 321.
307
What is the remainder when 142126 is divided by 126?
124
Calculate the remainder when 809187 is divided by 161787.
252
What is the remainder when 76946 is divided by 2942?
454
What is the remainder when 24245 is divided by 3464?
3461
Calculate the remainder when 129431896 is divided by 4045.
4031
Calculate the remainder when 4988713 is divided by 1081.
979
What is the remainder when 56555 is divided 